{"id":3690,"date":"2017-12-13T11:58:44","date_gmt":"2017-12-13T11:58:44","guid":{"rendered":"http:\/\/www.immobiliarerm.it\/immobiliare-bergamo\/?page_id=3690"},"modified":"2018-02-20T15:40:59","modified_gmt":"2018-02-20T15:40:59","slug":"se-compri","status":"publish","type":"page","link":"https:\/\/www.immobiliarerm.it\/immobiliare-bergamo\/se-compri\/","title":{"rendered":"Se Compri"},"content":{"rendered":"<p>[vc_row][vc_column width=&#8221;2\/3&#8243;][vc_column_text]<\/p>\n<h1 style=\"text-align: center;\"><span style=\"color: #f58634;\">PASSO DOPO PASSO VERSO LA TUA CASA<\/span><\/h1>\n<p><span style=\"color: #f58634;\"><strong>\u2022 RICERCA MIRATA DI IMMOBILI<\/strong><\/span><\/p>\n<p>Il nostro obiettivo \u00e8 quello di <strong>raccogliere una richiesta di acquisto<\/strong> e \u201clavorarla\u201d proponendo al Cliente, nell\u2019arco del periodo di ricerca, soluzioni idonee a quanto ricercato, mirando a capire al meglio il Cliente, ascoltandone le necessit\u00e0, le priorit\u00e0 e i bisogni.<\/p>\n<p><span style=\"color: #f58634;\"><strong>\u2022 LA PROPOSTA DI ACQUISTO<\/strong><\/span><\/p>\n<p>Seguiamo il Cliente in tutte le fasi nell\u2019eventuale <strong>formulazione di una proposta di acquisto<\/strong> di un immobile.<\/p>\n<p><strong><span style=\"color: #f58634;\">\u2022 ASSISTENZA TECNICA E CONTRATTUALE<\/span> <\/strong><\/p>\n<p>Siamo a completa disposizione del Cliente seguendolo <strong>passo dopo passo fino alla stipula del Rogito Notarile<\/strong>, sia nella predisposizione delle scritture contrattuali tra le parti sia nel fornire la documentazione necessaria alla stipula del Rogito Notarile.[\/vc_column_text][\/vc_column][vc_column width=&#8221;1\/3&#8243; css=&#8221;.vc_custom_1519124319266{background-color: #4a525d !important;}&#8221;]<div role=\"form\" class=\"wpcf7\" id=\"wpcf7-f3781-o1\" lang=\"it-IT\" dir=\"ltr\">\n<div class=\"screen-reader-response\"><p role=\"status\" aria-live=\"polite\" aria-atomic=\"true\"><\/p> <ul><\/ul><\/div>\n<form action=\"\/immobiliare-bergamo\/wp-json\/wp\/v2\/pages\/3690#wpcf7-f3781-o1\" method=\"post\" class=\"wpcf7-form init\" novalidate=\"novalidate\" data-status=\"init\">\n<div style=\"display: none;\">\n<input type=\"hidden\" name=\"_wpcf7\" value=\"3781\" \/>\n<input type=\"hidden\" name=\"_wpcf7_version\" value=\"5.3.1\" \/>\n<input type=\"hidden\" name=\"_wpcf7_locale\" value=\"it_IT\" \/>\n<input type=\"hidden\" name=\"_wpcf7_unit_tag\" value=\"wpcf7-f3781-o1\" \/>\n<input type=\"hidden\" name=\"_wpcf7_container_post\" value=\"0\" \/>\n<input type=\"hidden\" name=\"_wpcf7_posted_data_hash\" value=\"\" \/>\n<input type=\"hidden\" name=\"_wpcf7_recaptcha_response\" value=\"\" \/>\n<\/div>\n<h2 style=\"text-align:center;color:#ffffff;\">LA CASA CHE CERCHI<\/h2>\n<p class=\"testo-form\">Compila il form sottostante inserendo nel messaggio pi\u00f9 informazioni possibili e ti affiancheremo nella ricerca della Tua casa ideale.<\/p>\n<p><span class=\"etichetta-valuta\">Nome*:<\/span><span class=\"wpcf7-form-control-wrap nome\"><input type=\"text\" name=\"nome\" value=\"\" size=\"40\" class=\"wpcf7-form-control wpcf7-text wpcf7-validates-as-required\" aria-required=\"true\" aria-invalid=\"false\" \/><\/span><\/p>\n<p><span class=\"etichetta-valuta\">Cognome*:<\/span><span class=\"wpcf7-form-control-wrap cognome\"><input type=\"text\" name=\"cognome\" value=\"\" size=\"40\" class=\"wpcf7-form-control wpcf7-text wpcf7-validates-as-required\" aria-required=\"true\" aria-invalid=\"false\" \/><\/span><\/p>\n<p><span class=\"etichetta-valuta\">Email*:<\/span><span class=\"wpcf7-form-control-wrap email\"><input type=\"email\" name=\"email\" value=\"\" size=\"40\" class=\"wpcf7-form-control wpcf7-text wpcf7-email wpcf7-validates-as-required wpcf7-validates-as-email\" aria-required=\"true\" aria-invalid=\"false\" \/><\/span><\/p>\n<p><span class=\"etichetta-valuta\">Telefono*:<\/span><span class=\"wpcf7-form-control-wrap telefono\"><input type=\"tel\" name=\"telefono\" value=\"\" size=\"40\" class=\"wpcf7-form-control wpcf7-text wpcf7-tel wpcf7-validates-as-required wpcf7-validates-as-tel\" aria-required=\"true\" aria-invalid=\"false\" \/><\/span><\/p>\n<p><span class=\"etichetta-valuta-top\">Messaggio:<\/span><span class=\"campo-valuta\"><span class=\"wpcf7-form-control-wrap messaggio\"><textarea name=\"messaggio\" cols=\"40\" rows=\"10\" class=\"wpcf7-form-control wpcf7-textarea\" aria-invalid=\"false\"><\/textarea><\/span><\/span><\/p>\n<p><span class=\"etichetta-valuta-top\">Privacy<\/span><span class=\"campo-valuta-black2\"><span class=\"wpcf7-form-control-wrap privacy\"><textarea name=\"privacy\" cols=\"40\" rows=\"10\" class=\"wpcf7-form-control wpcf7-textarea\" readonly=\"readonly\" aria-invalid=\"false\">INFORMATIVA ai SENSI del DL 196 del 30\/06\/03 (TESTO UNICO SULLA PRIVACY) Vi informiamo che i dati raccolti con la registrazione del vostro nominativo o da noi reperiti tramite la consultazione di pubblici registri, elenchi o documenti conoscibili da chiunque, saranno utilizzati per finalit\u00e0 commerciali, promozionali e pubblicitarie, nonch\u00e8 per scopi gestionali e statistici. I dati personali sono da noi trattati in modo lecito, secondo correttezza e con la massima riservatezza. Sono registrati, organizzati e conservati in archivi informatici. Informiamo che \u00e8 diritto dellinteressato richiedere ed ottenere quanto previsto dallart. 13, qui allegato, della citata legge. Il titolare del trattamento \u00e8 RM Servizio immobiliare di Roberto Manzoni , via Trento n\u00b0 68 - 24035 CURNO (BG). Estratto della legge: Art. 13. (Diritti dellinteressato) In relazione al trattamento di dati personali linteressato ha diritto: a) di conoscere, mediante accesso gratuito al registro di cui allarticolo 31, comma 1, lettera a), lesistenza di trattamenti di dati che possono riguardarlo; b) di essere informato su quanto indicato allarticolo7, comma 4, lettere a), b) e h); c) di ottenere, a cura del titolare o del responsabile, senza ritardo: 1) la conferma dellesistenza o meno di dati personali che lo riguardano, anche se non ancora registrati, la comunicazione in forma intellegibile dei medesimi dati e della loro origine, nonch\u00e8 della logica e delle finalit\u00e0 su cui di basa il trattamento; la richiesta pu\u00f2 essere rinnovata, salva lesistenza di giustificati motivi, con intervallo non minore di novanta giorni; 2) la cancellazione, la trasformazione in forma anonima o il blocco dei dati trattati in violazione di legge, compresi quelli di cui non \u00e8 necessaria la conservazione in relazione agli scopi per i quali i dati sono stati raccolti o successivamente trattati; 3) laggiornamento, la rettificazione ovvero, qualora vi abbia interesse, lintegrazione dei dati; 4) lattestazione che le operazioni di cui ai numeri 2) e 3) sono state portate a conoscenza, anche per quanto riguarda il loro contenuto, di coloro ai quali i dati sono stati comunicati o diffusi, eccettuato il caso in cui tale adempimento si riveli impossibile o comporti un impiego di mezzi manifestamente sproporzionato rispetto al diritto tutelato; d) di opporsi, in tutto o in parte, per motivi legittimi, al trattamento dei dati personali che lo riguardano, ancorch\u00e8 pertinenti allo scopo della raccolta; e) di opporsi, in tutto o in parte, al trattamento di dati personali che lo riguardano, previsto a fini di informazione commerciale o di invio di materiale pubblicitario o di vendita diretta ovvero per il compimento di ricerche di mercato o di comunicazione commerciale interattiva e di essere informato dal titolare, non oltre il momento in cui i dati sono comunicati o diffusi, della possibilit\u00e0 di esercitare gratuitamente tale diritto. Per ciascuna richiesta di cui al comma 1, lettera c), numero 1), pu\u00f2 essere chiesto allinteressato, ove non risulti confermata lesistenza di dati che lo riguardano, un contributo spese, non superiore ai costi effettivamente sopportati, secondo le modalit\u00e0 ed entro i limiti stabiliti da regolamento di cui allarticolo 33, comma3. I diritti di cui al comma 1 riferiti ai dati personali concernenti persone decedute possono essere esercitati da chiunque vi abbia interesse. Nellesercizio dei diritti di cui al comma 1 linteressato pu\u00f2 conferire, per iscritto, delega o procura a persone fisiche o ad associazioni. Restano ferme le norme sul segreto professionale degli esercenti la professione di giornalista, limitatamente alla fonte della notizia.<\/textarea><\/span><\/span><\/p>\n<p><span class=\"etichetta-valuta\"><\/span><span class=\"campo-valuta\">Esprimo il consenso al trattamento dei miei dati personali*:<span class=\"wpcf7-form-control-wrap accprivacy\"><span class=\"wpcf7-form-control wpcf7-acceptance\"><span class=\"wpcf7-list-item\"><input type=\"checkbox\" name=\"accprivacy\" value=\"1\" aria-invalid=\"false\" checked=\"checked\" \/><\/span><\/span><\/span><\/span><\/p>\n\n<p><input type=\"submit\" value=\"Invia\" class=\"wpcf7-form-control wpcf7-submit\" \/><\/p>\n<div class=\"wpcf7-response-output\" aria-hidden=\"true\"><\/div><\/form><\/div>[\/vc_column][\/vc_row]<\/p>\n","protected":false},"excerpt":{"rendered":"<p>[vc_row][vc_column width=&#8221;2\/3&#8243;][vc_column_text] PASSO DOPO PASSO VERSO LA TUA CASA \u2022 RICERCA MIRATA DI IMMOBILI Il nostro obiettivo \u00e8 quello di raccogliere una richiesta di acquisto e \u201clavorarla\u201d proponendo al Cliente, nell\u2019arco del periodo di ricerca, soluzioni idonee a quanto ricercato, mirando a capire al meglio il Cliente, ascoltandone le necessit\u00e0, le priorit\u00e0 e i bisogni. [&hellip;]<\/p>\n","protected":false},"author":1,"featured_media":0,"parent":0,"menu_order":23,"comment_status":"closed","ping_status":"closed","template":"page-templates\/full-width.php","meta":[],"yoast_head":"<!-- This site is optimized with the Yoast SEO plugin v15.5 - https:\/\/yoast.com\/wordpress\/plugins\/seo\/ -->\n<title>Se Compri - Agenzia Immobiliare Bergamo RM<\/title>\n<meta name=\"robots\" content=\"index, follow, max-snippet:-1, max-image-preview:large, max-video-preview:-1\" \/>\n<link rel=\"canonical\" href=\"https:\/\/www.immobiliarerm.it\/immobiliare-bergamo\/se-compri\/\" \/>\n<meta property=\"og:locale\" content=\"it_IT\" \/>\n<meta property=\"og:type\" content=\"article\" \/>\n<meta property=\"og:title\" content=\"Se Compri - Agenzia Immobiliare Bergamo RM\" \/>\n<meta property=\"og:description\" content=\"[vc_row][vc_column width=&#8221;2\/3&#8243;][vc_column_text] PASSO DOPO PASSO VERSO LA TUA CASA \u2022 RICERCA MIRATA DI IMMOBILI Il nostro obiettivo \u00e8 quello di raccogliere una richiesta di acquisto e \u201clavorarla\u201d proponendo al Cliente, nell\u2019arco del periodo di ricerca, soluzioni idonee a quanto ricercato, mirando a capire al meglio il Cliente, ascoltandone le necessit\u00e0, le priorit\u00e0 e i bisogni. [&hellip;]\" \/>\n<meta property=\"og:url\" content=\"https:\/\/www.immobiliarerm.it\/immobiliare-bergamo\/se-compri\/\" \/>\n<meta property=\"og:site_name\" content=\"Agenzia Immobiliare Bergamo RM\" \/>\n<meta property=\"article:publisher\" content=\"https:\/\/www.facebook.com\/rmservizioimmobiliare\/\" \/>\n<meta property=\"article:modified_time\" content=\"2018-02-20T15:40:59+00:00\" \/>\n<meta name=\"twitter:card\" content=\"summary_large_image\" \/>\n<meta name=\"twitter:label1\" content=\"Tempo di lettura stimato\">\n\t<meta name=\"twitter:data1\" content=\"1 minuto\">\n<script type=\"application\/ld+json\" class=\"yoast-schema-graph\">{\"@context\":\"https:\/\/schema.org\",\"@graph\":[{\"@type\":\"WebSite\",\"@id\":\"https:\/\/www.immobiliarerm.it\/immobiliare-bergamo\/#website\",\"url\":\"https:\/\/www.immobiliarerm.it\/immobiliare-bergamo\/\",\"name\":\"Agenzia Immobiliare Bergamo RM\",\"description\":\"\",\"potentialAction\":[{\"@type\":\"SearchAction\",\"target\":\"https:\/\/www.immobiliarerm.it\/immobiliare-bergamo\/?s={search_term_string}\",\"query-input\":\"required name=search_term_string\"}],\"inLanguage\":\"it-IT\"},{\"@type\":\"WebPage\",\"@id\":\"https:\/\/www.immobiliarerm.it\/immobiliare-bergamo\/se-compri\/#webpage\",\"url\":\"https:\/\/www.immobiliarerm.it\/immobiliare-bergamo\/se-compri\/\",\"name\":\"Se Compri - Agenzia Immobiliare Bergamo RM\",\"isPartOf\":{\"@id\":\"https:\/\/www.immobiliarerm.it\/immobiliare-bergamo\/#website\"},\"datePublished\":\"2017-12-13T11:58:44+00:00\",\"dateModified\":\"2018-02-20T15:40:59+00:00\",\"inLanguage\":\"it-IT\",\"potentialAction\":[{\"@type\":\"ReadAction\",\"target\":[\"https:\/\/www.immobiliarerm.it\/immobiliare-bergamo\/se-compri\/\"]}]}]}<\/script>\n<!-- \/ Yoast SEO plugin. -->","_links":{"self":[{"href":"https:\/\/www.immobiliarerm.it\/immobiliare-bergamo\/wp-json\/wp\/v2\/pages\/3690"}],"collection":[{"href":"https:\/\/www.immobiliarerm.it\/immobiliare-bergamo\/wp-json\/wp\/v2\/pages"}],"about":[{"href":"https:\/\/www.immobiliarerm.it\/immobiliare-bergamo\/wp-json\/wp\/v2\/types\/page"}],"author":[{"embeddable":true,"href":"https:\/\/www.immobiliarerm.it\/immobiliare-bergamo\/wp-json\/wp\/v2\/users\/1"}],"replies":[{"embeddable":true,"href":"https:\/\/www.immobiliarerm.it\/immobiliare-bergamo\/wp-json\/wp\/v2\/comments?post=3690"}],"version-history":[{"count":0,"href":"https:\/\/www.immobiliarerm.it\/immobiliare-bergamo\/wp-json\/wp\/v2\/pages\/3690\/revisions"}],"wp:attachment":[{"href":"https:\/\/www.immobiliarerm.it\/immobiliare-bergamo\/wp-json\/wp\/v2\/media?parent=3690"}],"curies":[{"name":"wp","href":"https:\/\/api.w.org\/{rel}","templated":true}]}}